{"id":497,"date":"2021-08-30T19:13:10","date_gmt":"2021-08-30T19:13:10","guid":{"rendered":"https:\/\/l-experience-association.ch\/?page_id=497"},"modified":"2021-08-31T08:51:41","modified_gmt":"2021-08-31T08:51:41","slug":"statuts","status":"publish","type":"page","link":"https:\/\/l-experience-association.ch\/?page_id=497","title":{"rendered":"Statuts"},"content":{"rendered":"\n<p><strong>ASSOCIATION L\u2019EXP\u00c9RIENCE<\/strong> <\/p>\n\n\n\n<p><br><strong>Art. 1<\/strong> Sous le nom \u00ab\u00a0<strong>Association L&rsquo;Exp\u00e9rience<\/strong>\u00a0\u00bb (l&rsquo;Association) est constitu\u00e9e une association sans but lucratif, au sens des articles 60 et suivants du Code Civil Suisse.<\/p>\n\n\n\n<p><strong>Art. 2<\/strong> Le si\u00e8ge de l&rsquo;Association est \u00e0 Vernier \/ Gen\u00e8ve.<\/p>\n\n\n\n<p><strong>Art. 3<\/strong> L&rsquo;Association, qui est une association d\u2019entraide, a pour but de permettre \u00e0 ses membres actifs, une majorit\u00e9 de souffrants psychiques, d\u2019avoir une activit\u00e9 propre et de g\u00e9rer de mani\u00e8re collective et autonome l\u2019association et ses ateliers. L\u2019Association est un lieu de vie, un terrain d&rsquo;exp\u00e9rimentation et d&rsquo;\u00e9volution personnelles, sans encadrement m\u00e9dical ni socioprofessionnel, o\u00f9 le quotidien, dans la vie associative, et par l&rsquo;organisation ou la participation \u00e0 des activit\u00e9s en ateliers, s&rsquo;articule en une identit\u00e9 distincte privil\u00e9giant le sentiment de dignit\u00e9, la confiance en soi et en autrui, et l&rsquo;engagement. Elle favorise ainsi l\u2019expression de ses membres actifs, par l\u2019activit\u00e9 ou son exposition. Elle est un lieu de vie, d&rsquo;\u00e9changes, d&rsquo;activit\u00e9s, de rencontres. Elle d\u00e9veloppe une image sociale positive en accord avec ses membres. Elle utilise aussi pour r\u00e9aliser ses buts des outils \u00e9ducatifs et culturels. Elle peut promouvoir la cr\u00e9ation d&rsquo;associations ayant un but analogue. Elle participe, dans la mesure de ses possibilit\u00e9s, \u00e0 la d\u00e9fense des droits des patients psychiques.<\/p>\n\n\n\n<p><strong>Art. 4<\/strong> L&rsquo;Association est ind\u00e9pendante des organisations politiques, syndicales et religieuses.<\/p>\n\n\n\n<hr class=\"wp-block-separator\"\/>\n\n\n\n<p><strong>FONCTIONNEMENT<\/strong><\/p>\n\n\n\n<p><strong>Art. 5<\/strong> Les membres de l\u2019Association sont :<\/p>\n\n\n\n<ul class=\"wp-block-list\"><li>Les membres actifs qui participent \u00e0 l&rsquo;ensemble de la vie associative et qui ont chacun une voix \u00e0 l\u2019Assembl\u00e9e G\u00e9n\u00e9rale et aux r\u00e9unions du Comit\u00e9 de Gestion. Ils s\u2019acquittent d\u2019une cotisation annuelle de 30.- CHF.<\/li><\/ul>\n\n\n\n<ul class=\"wp-block-list\"><li>Les membres passifs ou membres de soutien, qui sont inform\u00e9s de la vie de l&rsquo;Association et peuvent la conseiller, sur demande d\u2019un ou de plusieurs membres actifs, ou de leur propre initiative. Ils peuvent aussi proposer des animations pour l\u2019Association et ses membres actifs. Ils ont chacun une voix \u00e0 l\u2019Assembl\u00e9e G\u00e9n\u00e9rale. Ils s\u2019acquittent d\u2019une cotisation annuelle de 30.- CHF au minimum (individu, groupe, association ou institution)<\/li><\/ul>\n\n\n\n<p><strong>Art. 6<\/strong> La qualit\u00e9 de membre actif s\u2019acquiert par cooptation aupr\u00e8s du Comit\u00e9 de Gestion. Le Comit\u00e9 de Gestion statue sur l\u2019adh\u00e9sion et n\u2019a pas \u00e0 motiver un refus. Une orientation vers d\u2019autres structures peut \u00eatre propos\u00e9e.<\/p>\n\n\n\n<p><strong>Art. 7<\/strong> Chaque membre peut en tout temps quitter l&rsquo;Association. Une nouvelle demande d\u2019adh\u00e9sion \u00e0 l&rsquo;Association peut en tout temps \u00eatre faite.<\/p>\n\n\n\n<p><strong>Art. 8<\/strong> Chaque membre actif s&rsquo;engage \u00e0 tenir inform\u00e9 le Comit\u00e9 de Gestion pour des absences pr\u00e9visibles.<\/p>\n\n\n\n<p><strong>Art. 9<\/strong> Les organes de l&rsquo;Association sont :<\/p>\n\n\n\n<ul class=\"wp-block-list\"><li>L&rsquo;Assembl\u00e9e G\u00e9n\u00e9rale, organe supr\u00eame de l&rsquo;Association.<\/li><\/ul>\n\n\n\n<ul class=\"wp-block-list\"><li>Le Comit\u00e9 de Gestion.<\/li><\/ul>\n\n\n\n<ul class=\"wp-block-list\"><li>Il peut exister le Groupe de Repr\u00e9sentation, dont la t\u00e2che est de pr\u00e9parer et de mener \u00e0 bien les participations de l\u2019Association \u00e0 des r\u00e9unions hors de celle-ci.<\/li><\/ul>\n\n\n\n<ul class=\"wp-block-list\"><li>Il peut exister le Groupe de R\u00e9flexion et d\u2019Action, dont la t\u00e2che est d\u2019organiser des actions destin\u00e9es \u00e0 sensibiliser la communaut\u00e9 \u00e0 la cause des souffrants psychiques.<\/li><\/ul>\n\n\n\n<ul class=\"wp-block-list\"><li>La V\u00e9rification des Comptes (Fiduciaire).<\/li><\/ul>\n\n\n\n<p><strong>Art. 10 <\/strong>L&rsquo;Assembl\u00e9e G\u00e9n\u00e9rale ordinaire se r\u00e9unit au moins une fois par ann\u00e9e.<\/p>\n\n\n\n<p><strong>Art. 11<\/strong> L&rsquo;Assembl\u00e9e G\u00e9n\u00e9rale peut \u00eatre convoqu\u00e9e \u00e0 titre extraordinaire chaque fois que le Comit\u00e9 de Gestion ou le Comit\u00e9 de Substitution ou 1\/5 des membres en fait la demande au Pr\u00e9sident.<\/p>\n\n\n\n<p><strong>Art. 12<\/strong> Les Assembl\u00e9es G\u00e9n\u00e9rales ordinaires et extraordinaires sont convoqu\u00e9es par le Comit\u00e9 de Gestion ou le Comit\u00e9 de Substitution, quinze jours au moins \u00e0 l&rsquo;avance. La convocation indique l&rsquo;ordre du jour.<\/p>\n\n\n\n<p><strong>Art. 13 <\/strong>L&rsquo;Assembl\u00e9e G\u00e9n\u00e9rale est valablement constitu\u00e9e quel que soit le nombre des membres pr\u00e9sents. Elle prend toutes ses d\u00e9cisions \u00e0 la majorit\u00e9 simple, hormis la d\u00e9cision de dissolution de l&rsquo;Association (voir article 20).<\/p>\n\n\n\n<p><strong>Art. 14<\/strong> L&rsquo;Assembl\u00e9e G\u00e9n\u00e9rale \u00e9lit le Comit\u00e9 de Gestion, soit le Pr\u00e9sident, le Secr\u00e9taire et le Tr\u00e9sorier. Leur mandat est d&rsquo;une ann\u00e9e. Dans la mesure du possible, elle \u00e9lit un Comit\u00e9 de Substitution comprenant trois membres actifs, afin de remplacer le Pr\u00e9sident, le Secr\u00e9taire ou le Tr\u00e9sorier de l\u2019Association en cas de besoin.<\/p>\n\n\n\n<p><strong>Art. 15<\/strong> Le Comit\u00e9 de Gestion, ouvert \u00e0 tout membre actif int\u00e9ress\u00e9, se r\u00e9unit en principe une fois par semaine et d\u00e9cide de toute action n\u00e9cessaire \u00e0 la poursuite des buts de l&rsquo;Association, dans le respect des orientations d\u00e9cid\u00e9es en Assembl\u00e9e G\u00e9n\u00e9rale, \u00e0 la majorit\u00e9 simple des voix des membres actifs pr\u00e9sents.<\/p>\n\n\n\n<p><strong>Art. 16<\/strong> Chaque membre actif peut repr\u00e9senter l&rsquo;Association. L\u2019Association est valablement engag\u00e9e par la signature collective de deux des membres du Comit\u00e9 de Gestion ou du Comit\u00e9 de Substitution nomm\u00e9s \u00e0 cette fin en Assembl\u00e9e G\u00e9n\u00e9rale.<\/p>\n\n\n\n<p><strong>Art. 17<\/strong> L\u2019Association ne r\u00e9pond que sur sa fortune propre, \u00e0 l&rsquo;exclusion de la fortune de ses membres.<\/p>\n\n\n\n<hr class=\"wp-block-separator\"\/>\n\n\n\n<p><strong>FINANCEMENT<\/strong><\/p>\n\n\n\n<p><strong>Art. 18<\/strong> L\u2019actif social se compose de dons individuels et collectifs, de subventions, de revenus, de biens mobiliers acquis, etc.<\/p>\n\n\n\n<hr class=\"wp-block-separator\"\/>\n\n\n\n<p><strong>MODIFICATIONS DES STATUTS<\/strong><\/p>\n\n\n\n<p><strong>Art. 19<\/strong> Les statuts peuvent \u00eatre modifi\u00e9s en Assembl\u00e9e G\u00e9n\u00e9rale \u00e0 la majorit\u00e9 des membres pr\u00e9sents de l&rsquo;Association.<\/p>\n\n\n\n<hr class=\"wp-block-separator\"\/>\n\n\n\n<p><strong>DISSOLUTION DE L&rsquo;ASSOCIATION<\/strong><\/p>\n\n\n\n<p><strong>Art. 20<\/strong> La dissolution de l&rsquo;Association ne peut \u00eatre d\u00e9cid\u00e9e qu&rsquo;en Assembl\u00e9e G\u00e9n\u00e9rale aux deux tiers de l&rsquo;ensemble des voix des membres de l&rsquo;Association. Si ce quorum n&rsquo;est pas atteint, une deuxi\u00e8me Assembl\u00e9e G\u00e9n\u00e9rale sera convoqu\u00e9e et la d\u00e9cision se prendra aux deux tiers des voix des membres pr\u00e9sents. En cas de dissolution, les biens de l&rsquo;Association sont transmis \u00e0 une autre association dont les buts sont analogues.<\/p>\n\n\n\n<hr class=\"wp-block-separator\"\/>\n\n\n\n<p><strong>Gen\u00e8ve, le 16 septembre 1999<\/strong><\/p>\n\n\n\n<p>Modifi\u00e9s \u00e0 Gen\u00e8ve : le 1er avril 2000, le 21 septembre 2000, le 26 juillet 2002, le 19 mai 2004, le 30 juin 2006, le 23 mai 2007, le 29 avril 2009, le 26 avril 2013, le 17 avril 2019<\/p>\n\n\n\n<p><br><\/p>\n\n\n\n<p><\/p>\n\n\n\n<p><\/p>\n\n\n\n<p><\/p>\n\n\n\n<p><\/p>\n","protected":false},"excerpt":{"rendered":"<p>ASSOCIATION L\u2019EXP\u00c9RIENCE Art. 1 Sous le nom \u00ab\u00a0Association L&rsquo;Exp\u00e9rience\u00a0\u00bb (l&rsquo;Association) est constitu\u00e9e une association sans but lucratif, au sens des articles 60 et suivants du Code Civil Suisse. Art. 2 Le si\u00e8ge de l&rsquo;Association est \u00e0 Vernier \/ Gen\u00e8ve. Art. 3 L&rsquo;Association, qui est une association d\u2019entraide, a pour but de permettre \u00e0 ses membres &hellip; <a href=\"https:\/\/l-experience-association.ch\/?page_id=497\" class=\"more-link\">Lire la suite <span class=\"screen-reader-text\">Statuts<\/span> <span class=\"meta-nav\">&rarr;<\/span><\/a><\/p>\n","protected":false},"author":2,"featured_media":0,"parent":0,"menu_order":0,"comment_status":"closed","ping_status":"closed","template":"","meta":{"footnotes":""},"class_list":["post-497","page","type-page","status-publish","hentry"],"jetpack_sharing_enabled":true,"_links":{"self":[{"href":"https:\/\/l-experience-association.ch\/index.php?rest_route=\/wp\/v2\/pages\/497","targetHints":{"allow":["GET"]}}],"collection":[{"href":"https:\/\/l-experience-association.ch\/index.php?rest_route=\/wp\/v2\/pages"}],"about":[{"href":"https:\/\/l-experience-association.ch\/index.php?rest_route=\/wp\/v2\/types\/page"}],"author":[{"embeddable":true,"href":"https:\/\/l-experience-association.ch\/index.php?rest_route=\/wp\/v2\/users\/2"}],"replies":[{"embeddable":true,"href":"https:\/\/l-experience-association.ch\/index.php?rest_route=%2Fwp%2Fv2%2Fcomments&post=497"}],"version-history":[{"count":9,"href":"https:\/\/l-experience-association.ch\/index.php?rest_route=\/wp\/v2\/pages\/497\/revisions"}],"predecessor-version":[{"id":525,"href":"https:\/\/l-experience-association.ch\/index.php?rest_route=\/wp\/v2\/pages\/497\/revisions\/525"}],"wp:attachment":[{"href":"https:\/\/l-experience-association.ch\/index.php?rest_route=%2Fwp%2Fv2%2Fmedia&parent=497"}],"curies":[{"name":"wp","href":"https:\/\/api.w.org\/{rel}","templated":true}]}}